eatest common factor of b and 2?
2
Suppose -5*l - 5*j = 5, 4*l - 4*j - 4 = 16. Suppose -l*t - 445 = -1565. Calculate the highest common divisor of 70 and t.
70
Let m = -16025 + 17075. What is the highest common factor of 240 and m?
30
Suppose 2*k + 2*n + 98 = 0, n - 206 = 4*k + 3*n. Let o(c) = 21*c + 4. Let d be o(4). Let x = d + k. What is the highest common divisor of 51 and x?
17
Let p(c) = c**3 - 37*c**2 + 76*c - 76. Suppose -2*n = -4*j - 74, 86 = -4*n + 5*j + 231. Let l be p(n). What is the greatest common factor of 201 and l?
67
Let l(h) = -50*h**3 - 5*h**2 + 184*h + 579. Let w be l(-3). Calculate the highest common divisor of 6882 and w.
222
Suppose -2*k - 4*v + 200 = 4, -v + 1 = 0. Let c(p) = 2*p**2 - 9*p - 31. Let u be c(10). Let a = k - u. Calculate the highest common divisor of 68 and a.
17
Let o(y) = -253*y - 421. Let a be o(-3). What is the greatest common factor of a and 442?
26
Let c = 9244 + -9188. Let w be 147/(-7)*(-4)/6. Calculate the highest common factor of c and w.
14
Suppose -5*c - 40 = -5*q, -19 - 16 = 4*c - q. Let l = 28 - c. Let y = 81 - l. Calculate the highest common factor of y and 4.
4
Suppose 36*w - 28 = 29*w. Calculate the highest common factor of w and 428.
4
Let m be (-192)/256 - 19612/(-16). Calculate the highest common factor of m and 25.
25
Let h(u) = u + 97. Let f be h(-31). Calculate the greatest common divisor of 369 and f.
3
Let j = 3447 - 2685. What is the greatest common divisor of 36 and j?
6
Suppose -4*j - 4*g = -44, 4*g = -17*j + 14*j + 34. Suppose -o - 4*i = 2 - j, -4*i = 8. What is the greatest common divisor of 8 and o?
8
Suppose 7*d - 160 = 260. Suppose -h + 3 = -1, d = 2*s - h. Let n(j) = 8*j**3 + j - 1. Let z be n(1). What is the greatest common factor of z and s?
8
Let a be (1/4)/((-55)/220). Let m be (a - 5/(-3)) + 780/18. What is the greatest common factor of m and 11?
11
Suppose 737 + 3 = -4*s - 5*l, 0 = 2*l. Let d = s + 235. What is the highest common divisor of 350 and d?
50
Let h be (-4*30/(-16))/(4/(-16)). Let i be (-10)/h - (574/3)/(-2). Calculate the greatest common divisor of i and 4.
4
Let j be (-318 - -112)*(-5 + 1). What is the highest common factor of 618 and j?
206
Let t = 427 - -2698. What is the highest common factor of 125 and t?
125
Let c be (500/(-15))/(-5)*18/4. Let l(p) = -4*p**3 + 6*p**2 + 5*p - 6. Let z be l(-2). Calculate the highest common factor of z and c.
10
Let l(x) = 58*x - 802. Let z be l(14). Calculate the greatest common factor of 1910 and z.
10
Let r(n) = 4*n**2 + 30*n + 51. Let m be r(-5). What is the greatest common factor of 421 and m?
1
Let d = 7157 - 5912. Calculate the greatest common divisor of d and 45.
15
Let n = -87 + 21. Suppose -5216 = -63*f + 706. Let b = n + f. What is the highest common divisor of b and 7?
7
Let s(f) = 20*f**2 + 439*f - 10. Let k be s(-23). What is the highest common factor of 671 and k?
11
Suppose -5*d + 113 = -537. Suppose -4*c - i = -145, d = c + 3*c - 2*i. Let b(g) = -87*g + 1. Let k be b(-2). What is the highest common divisor of c and k?
35
Suppose 19*a - 540 = 4*a. Suppose -3*h - 3*o + 171 = 0, o + 186 = 3*h - o. Calculate the highest common divisor of h and a.
12
Let j(x) = -14*x - 1040. Let v be j(-94). Calculate the highest common factor of 115 and v.
23
Let t be (48/14)/(19*(-28)/(-5586)). Suppose 19964 = t*c + 26*c. Calculate the greatest common factor of c and 69.
23
Let m = 3829 + -3050. Calculate the greatest common divisor of m and 41.
41
Suppose 239 = 5*x + 2*a, 6*x - 4*a - 257 = x. Let n = 74 - x. Let o be (n*(-4 + 3))/(-1). What is the highest common divisor of 25 and o?
25
Let c be (-127 - -131)/((-8)/(-990)). Calculate the greatest common divisor of c and 550.
55
Let l = 38 + 122. Suppose 6*s + l = 14*s. Calculate the highest common divisor of 15 and s.
5
Let j(s) = -37*s - 3. Let c be j(-3). Suppose 5*u + 18 - c = 0. Suppose 4079*o + 855 = 4098*o. Calculate the highest common factor of o and u.
9
Let s = -68 - -70. Suppose -3*v + 21 - 7 = -5*a, -5*v + s*a + 17 = 0. What is the greatest common factor of v and 21?
3
Let u(c) = -23 + c - 16 - 10*c. Let d be u(-6). Let y be ((-3)/6 - -3)*6. Calculate the greatest common divisor of y and d.
15
Suppose 5*j - 24 = 3*y - 2, -y + j - 4 = 0. Let i = 380 - 377. What is the highest common divisor of y and i?
1
Suppose -b + 48 = -4*d, 0*d - 5*d + 20 = 0. Calculate the highest common factor of 29984 and b.
32
Let f be (-70)/(-6) - (3/(-9) + 0). Suppose 4*r = 4*a - f + 272, -4*r = 3*a - 267. Let t be 4/(-16) - 25/(-4). What is the greatest common factor of r and t?
6
Let k = -3037 + 3300. What is the greatest common divisor of 1 and k?
1
Suppose -2*l + 16 = -4*h, 5*l = h - 0*h + 13. Suppose -j + 42 = l*j. Suppose -8*k - 192 = -j*k. Calculate the greatest common factor of k and 48.
16
Suppose -2*x + 18*l = 15*l - 33, 0 = -2*x - 3*l - 9. Suppose 0*a - a + 48 = 0. What is the greatest common factor of x and a?
6
Suppose -2*o - 10*w = -13*w - 42, 56 = 4*o + w. Let n(y) = 7*y - 1. Let c be n(o). What is the greatest common factor of c and 26?
26
Let g = -40 + 60. Let a(c) = -7*c**3 + 2*c**2 + 15*c + 28. Let d be a(-2). Let y = d - 52. What is the highest common factor of y and g?
10
Let m(j) = -j + 18. Let n be m(-15). Let c be n/(-55) + 4/(-10). Let z be 1 + 572/6 + c/3. Calculate the greatest common factor of z and 12.
12
Let o be 20*(0 + 108/5). Let r be (4 + -5)/(7/735). Let q = -51 - r. Calculate the greatest common divisor of o and q.
54
Let f = 39183 + -38147. What is the highest common factor of 70 and f?
14
Suppose 4*m + 4024 = -38*r + 40*r, m - 4054 = -2*r. Calculate the highest common factor of r and 352.
88
Let j be ((-12)/10)/(4/80). Let k be (j/(-40))/((-2)/(-50)). Calculate the highest common factor of 120 and k.
15
Suppose 0 = 2*z - 3*a + 1310, z + a = -3*z - 2606. Let b = -380 - z. Suppose -n - 102 = -4*n. What is the greatest common factor of n and b?
34
Suppose 12*k - 342 = 3*k. Suppose 0 = -8*w + 42 + k. Calculate the highest common divisor of w and 170.
10
Let k be (0 - 3/(-9))*(-2 - 919). Let l = k + 361. Let a(h) = 5*h**2 - 2. Let v be a(2). What is the highest common divisor of v and l?
18
Let b = 5163 + -5086. Calculate the highest common divisor of b and 363.
11
Let n be 316/(-237) + 265/3. What is the greatest common divisor of n and 11687?
29
Suppose 288*v = 283*v + 6*b + 231, 144 = 3*v - 3*b. Suppose 4*m = 5*s - 79, 0*m + 5*m = -s + 39. What is the greatest common divisor of s and v?
19
Suppose 0 = -38*y - 7*y + 67766 + 466204. What is the greatest common factor of 34 and y?
34
Suppose 5*i + 286*a - 291*a - 1580 = 0, 0 = -4*i + 5*a + 1260. Calculate the highest common divisor of 1970 and i.
10
Let f = 545 + -386. Suppose -93 - f = -6*p. Calculate the greatest common factor of 224 and p.
14
Let i(r) = r**3 - 3*r**2 - 17*r - 3. Let l be i(6). Let n(a) = 16*a - 5. Let h be n(5). Suppose 87 = l*q - h. Calculate the highest common factor of q and 6.
6
Suppose -79*f + 3089 + 71 = 0. What is the greatest common factor of f and 3560?
40
Let l be (-8)/(-12)*-81*(-44)/8. Let j = l + -295. Calculate the greatest common factor of j and 46.
2
Let l(q) = -24*q - 10. Let z be l(-47). Calculate the highest common divisor of 104 and z.
26
Suppose 57 = 5*o - 3. Let g(f) be the first derivative of f**4/4 + 3*f**3 + 7*f**2/2 - 6*f - 30. Let l be g(-8). What is the highest common divisor of l and o?
2
Let v be -419*6/12 - 6/(-4). Let j be -36*(v/24 - -4). What is the greatest common divisor of j and 120?
24
Let d be 1659/316*(-800)/(-14). What is the greatest common factor of d and 2940?
60
Suppose 0 = 10*w + 11*w - 517440. Suppose 3*g + 32*g = w. What is the highest common factor of g and 16?
16
Let k be ((-16)/5 - -3)*-15. Suppose 18*y - 13*y - 386 = -4*d, 4*y - 309 = -k*d. Calculate the highest common factor of 78 and y.
78
Suppose -5*c - 3*u - 29093 = 37249, 0 = c - 2*u + 13258. Let a be c/(-42) - -4 - (-3)/21. What is the highest common divisor of 32 and a?
32
Suppose -2*v - 2*g = -1848, -5*g - 6 = 29. What is the greatest common divisor of v and 19?
19
Let u be (4 + 5)/3 - (2 - 121). Let i = 482 - u. Let m be (1 + 25/(-10))/(2/(-60)). Calculate the highest common divisor of i and m.
45
Let y be ((14/(-3))/(8/21))/((-71)/284). What is the highest common fa